igit of 6369086?
3
What is the hundred millions digit of 285649354?
2
What is the units digit of 21458921?
1
What is the hundreds digit of 131656312?
3
What is the millions digit of 3281895439?
1
What is the ten millions digit of 3817291464?
1
What is the units digit of 4475993?
3
What is the billions digit of 2080856707?
2
What is the millions digit of 32542617?
2
What is the hundreds digit of 3039530364?
3
What is the hundred millions digit of 649418220?
6
What is the ten millions digit of 937656381?
3
What is the hundred thousands digit of 6221660225?
6
What is the millions digit of 19158726?
9
What is the hundred millions digit of 1685757638?
6
What is the thousands digit of 26627922?
7
What is the hundred thousands digit of 2980070156?
0
What is the hundred millions digit of 537404433?
5
What is the ten thousands digit of 666934381?
3
What is the thousands digit of 997789189?
9
What is the units digit of 777449907?
7
What is the millions digit of 413598124?
3
What is the hundreds digit of 41036682?
6
What is the hundred thousands digit of 602125753?
1
What is the hundreds digit of 2027830446?
4
What is the hundred thousands digit of 58181734?
1
What is the ten millions digit of 844512843?
4
What is the ten millions digit of 876042972?
7
What is the ten thousands digit of 346943442?
4
What is the thousands digit of 3752109?
2
What is the units digit of 21183052?
2
What is the millions digit of 44960361?
4
What is the thousands digit of 11436263?
6
What is the hundred thousands digit of 1077783255?
7
What is the billions digit of 2296642135?
2
What is the billions digit of 1929181006?
1
What is the ten millions digit of 11058384?
1
What is the ten thousands digit of 4749061434?
6
What is the hundred millions digit of 167563942?
1
What is the billions digit of 1602785817?
1
What is the ten thousands digit of 44475374?
7
What is the hundred millions digit of 2320394365?
3
What is the thousands digit of 24803412?
3
What is the billions digit of 1837735983?
1
What is the units digit of 1385201445?
5
What is the ten millions digit of 474735339?
7
What is the billions digit of 1973355094?
1
What is the billions digit of 2027846002?
2
What is the tens digit of 137756525?
2
What is the thousands digit of 425230333?
0
What is the units digit of 91929965?
5
What is the billions digit of 5623726832?
5
What is the millions digit of 27425203?
7
What is the hundreds digit of 71665074?
0
What is the hundred millions digit of 896902063?
8
What is the thousands digit of 606852211?
2
What is the ten millions digit of 4058191194?
5
What is the hundreds digit of 529317339?
3
What is the hundred thousands digit of 1580587223?
5
What is the units digit of 68536844?
4
What is the thousands digit of 9070626?
0
What is the tens digit of 430743293?
9
What is the millions digit of 59157504?
9
What is the ten thousands digit of 33925531?
2
What is the thousands digit of 373944467?
4
What is the hundred millions digit of 131676604?
1
What is the hundred thousands digit of 1001940697?
9
What is the ten thousands digit of 1459939108?
3
What is the billions digit of 2263853626?
2
What is the hundred millions digit of 102192829?
1
What is the hundreds digit of 7442890?
8
What is the thousands digit of 35090635?
0
What is the millions digit of 192494254?
2
What is the tens digit of 1876903?
0
What is the units digit of 2809436727?
7
What is the hundreds digit of 12905974?
9
What is the units digit of 4675692?
2
What is the hundreds digit of 715108788?
7
What is the millions digit of 2822553882?
2
What is the millions digit of 555624925?
5
What is the units digit of 1873259945?
5
What is the ten thousands digit of 66221227?
2
What is the millions digit of 71029043?
1
What is the thousands digit of 3004811175?
1
What is the hundreds digit of 30351843?
8
What is the hundred thousands digit of 1438476282?
4
What is the hundred thousands digit of 397939854?
9
What is the units digit of 1599738623?
3
What is the thousands digit of 4696401781?
1
What is the thousands digit of 36415970?
5
What is the thousands digit of 392035670?
5
What is the thousands digit of 4280575795?
5
What is the thousands digit of 231729778?
9
What is the tens digit of 17258348?
4
What is the tens digit of 522663345?
4
What is the tens digit of 3177841667?
6
What is the ten millions digit of 1014611875?
1
What is the hundreds digit of 36315647?
6
What is the thousands digit of 313824914?
4
What is the ten millions digit of 31354406?
3
What is the hundred millions digit of 316072161?
3
What is the hundred millions digit of 7848149735?
8
What is the units digit of 486591443?
3
What is the hundreds digit of 1553710310?
3
What is the hundred millions digit of 1199089513?
1
What is the tens digit of 41239985?
8
What is the millions digit of 16183174?
6
What is the hundreds digit of 899523432?
4
What is the millions digit of 389042475?
9
What is the ten thousands digit of 9231980?
3
What is the millions digit of 4072573823?
2
What is the ten millions digit of 594026913?
9
What is the units digit of 87308854?
4
What is the ten thousands digit of 74785260?
8
What is the ten millions digit of 54330272?
5
What is the hundred millions digit of 693792063?
6
What is the thousands digit of 28048474?
8
What is the tens digit of 28972280?
8
What is the hundred millions digit of 124115652?
1
What is the hundreds digit of 33834433?
4
What is the thousands digit of 862469143?
9
What is the tens digit of 434507230?
3
What is the millions digit of 6431463860?
1
What is the tens digit of 289798948?
4
What is the ten millions digit of 36982175?
3
What is the hundreds digit of 1485920825?
8
What is the hundreds digit of 4043685?
6
What is the units digit of 1181804171?
1
What is the hundred millions digit of 126427661?
1
What is the millions digit of 6809059143?
9
What is the ten millions digit of 577816186?
7
What is the hundred thousands digit of 1218963243?
9
What is the ten thousands digit of 40649202?
4
What is the hundred thousands digit of 358882640?
8
What is the ten millions digit of 68515288?
6
What is the hundreds digit of 67551422?
4
What is the millions digit of 18205776?
8
What is the ten thousands digit of 29336677?
3
What is the hundred millions digit of 1315553000?
3
What is the thousands digit of 115798041?
8
What is the millions digit of 7223347?
7
What is the ten millions digit of 32400454?
3
What is the hundred millions digit of 159492390?
1
What is the millions digit of 334228372?
4
What is the ten thousands digit of 1621826876?
2
What is the hundred thousands digit of 474474990?
4
What is the hundreds digit of 145095076?
0
What is the tens digit of 326667344?
4
What is the units digit of 990551830?
0
What is the ten thousands digit of 90282989?
8
What is the millions digit of 1770959962?
0
What is the millions digit of 72079384?
2
What is the hundreds digit of 988170290?
2
What is the ten millions digit of 1583220159?
8
What is the units digit of 2775025107?
7
What is the hundred thousands digit of 138809686?
8
What is the units digit of 1675872898?
8
What is the ten millions digit of 818497871?
1
What is the ten millions digit of 13507326?
1
What is the tens digit of 724936505?
0
What is the hundreds digit of 3139313097?
0
What is the thousands digit of 204391296?
1
What is the ten millions digit of 75889555?
7
What is the units digit of 16347225?
5
What is the millions digit of 471647513?
1
What is the ten millions digit of 484247678?
8
What is the units digit of 1801177826?
6
What is the hundred thousands digit of 15818075?
8
What is the hundred millions digit of 115220460?
1
What is the ten millions digit of 193598916?
9
What is the hundreds digit of 268262422?
4
What is the units digit of 287747129?
9
What is the millions digit of 1769401505?
9
What is the millions digit of 247779594?
7
What is the hundred thousands digit of 1971451547?
4
What is the thousands digit of 278372766?
2
What is the hundreds digit of 108536827?
8
What is the hundred millions digit of 993264459?
9
What is the ten thousands digit of 981889833?
8
What is the hundred thousands digit of 126349752?
3
What is the hundred thousands digit of 3767062339?
0
What is the hundreds digit of 63104584?
5
What is the billions digit of 49